List the prime factors of 196310.
2, 5, 67, 293
List the prime factors of 600476.
2, 19, 7901
List the prime factors of 298532.
2, 13, 5741
List the prime factors of 7277791.
829, 8779
List the prime factors of 1404394.
2, 53, 13249
List the prime factors of 210479.
109, 1931
List the prime factors of 337543.
337543
What are the prime factors of 417491?
417491
What are the prime factors of 19008454?
2, 37, 61, 4211
What are the prime factors of 7928001?
3, 17, 51817
What are the prime factors of 2116842?
2, 3, 7, 13, 3877
List the prime factors of 4183918.
2, 2091959
List the prime factors of 233128.
2, 7, 23, 181
What are the prime factors of 121508?
2, 37, 821
What are the prime factors of 2050028?
2, 512507
List the prime factors of 2704614.
2, 3, 11, 43, 953
List the prime factors of 100849.
7, 14407
List the prime factors of 141476.
2, 113, 313
What are the prime factors of 2009429?
457, 4397
What are the prime factors of 199615?
5, 13, 37, 83
What are the prime factors of 351237?
3, 17, 71, 97
List the prime factors of 148634.
2, 74317
What are the prime factors of 1287152?
2, 80447
List the prime factors of 49330.
2, 5, 4933
What are the prime factors of 3325299?
3, 59, 18787
List the prime factors of 1331773.
1331773
What are the prime factors of 718646?
2, 359323
List the prime factors of 9069707.
19, 463, 1031
List the prime factors of 3438798.
2, 3, 11, 52103
What are the prime factors of 610139?
503, 1213
What are the prime factors of 10255265?
5, 31, 109, 607
What are the prime factors of 2027543?
7, 107, 2707
What are the prime factors of 227823?
3, 75941
What are the prime factors of 656459?
656459
What are the prime factors of 655407?
3, 72823
What are the prime factors of 320696?
2, 40087
What are the prime factors of 3038085?
3, 5, 181, 373
List the prime factors of 10577219.
211, 50129
List the prime factors of 9645908.
2, 197, 12241
What are the prime factors of 258945?
3, 5, 61, 283
List the prime factors of 1110746.
2, 7, 13, 17, 359
List the prime factors of 285120.
2, 3, 5, 11
What are the prime factors of 904511?
904511
List the prime factors of 30352737.
3, 10117579
List the prime factors of 2495937.
3, 23, 61, 593
List the prime factors of 2455557.
3, 13, 79, 797
What are the prime factors of 124555?
5, 29, 859
List the prime factors of 1210207.
1210207
List the prime factors of 399341.
37, 43, 251
List the prime factors of 27137108.
2, 97, 69941
What are the prime factors of 977510?
2, 5, 239, 409
What are the prime factors of 10003021?
7, 17, 84059
What are the prime factors of 292719?
3, 7, 53, 263
List the prime factors of 210865.
5, 181, 233
List the prime factors of 686565.
3, 5, 11, 19, 73
List the prime factors of 178407.
3, 43, 461
What are the prime factors of 13704678?
2, 3, 13, 58567
What are the prime factors of 379568?
2, 7, 3389
List the prime factors of 16008911.
3391, 4721
List the prime factors of 31778795.
5, 6355759
List the prime factors of 860478.
2, 3, 143413
List the prime factors of 855928.
2, 97, 1103
What are the prime factors of 405913?
29, 13997
What are the prime factors of 37620882?
2, 3, 13, 53591
List the prime factors of 2582409.
3, 163, 5281
What are the prime factors of 5247774?
2, 3, 7, 13883
List the prime factors of 17126159.
17126159
What are the prime factors of 7386812?
2, 1846703
List the prime factors of 300550.
2, 5, 6011
List the prime factors of 124991.
124991
What are the prime factors of 6936008?
2, 867001
What are the prime factors of 3720483?
3, 13, 31799
What are the prime factors of 423410?
2, 5, 13, 3257
What are the prime factors of 7338672?
2, 3, 11, 41, 113
List the prime factors of 163255.
5, 103, 317
What are the prime factors of 1064733?
3, 354911
List the prime factors of 900111.
3, 151, 1987
List the prime factors of 1956343.
17, 115079
List the prime factors of 7566093.
3, 37, 22721
What are the prime factors of 15786201?
3, 197, 26711
What are the prime factors of 107741?
107741
What are the prime factors of 2153527?
139, 15493
What are the prime factors of 240460?
2, 5, 11, 1093
List the prime factors of 425154.
2, 3, 59, 1201
List the prime factors of 323534.
2, 83, 1949
What are the prime factors of 123002?
2, 11, 5591
What are the prime factors of 7613339?
7613339
What are the prime factors of 99470?
2, 5, 7, 29
What are the prime factors of 738590?
2, 5, 73859
List the prime factors of 683452.
2, 7, 11, 317
List the prime factors of 345759.
3, 23, 5011
What are the prime factors of 400705?
5, 80141
What are the prime factors of 19488862?
2, 37, 223, 1181
What are the prime factors of 3026689?
257, 11777
What are the prime factors of 241220?
2, 5, 7, 1723
List the prime factors of 848213.
848213
What are the prime factors of 193480?
2, 5, 7, 691
List the prime factors of 3580580.
2, 5, 179029
List the prime factors of 392270.
2, 5, 39227
List the prime factors of 134085.
3, 5, 7, 1277
What are the prime factors of 2836184?
2, 13, 27271
List the prime factors of 1056661.
53, 19937
List the prime factors of 587261.
113, 5197
What are the prime factors of 25062274?
2, 12531137
List the prime factors of 341790.
2, 3, 5, 11393
List the prime factors of 3009594.
2, 3, 7, 131, 547
List the prime factors of 80675.
5, 7, 461
List the prime factors of 121020.
2, 3, 5, 2017
What are the prime factors of 28275535?
5, 5655107
What are the prime factors of 6410233?
283, 22651
List the prime factors of 1434863.
47, 30529
List the prime factors of 516769.
11, 109, 431
List the prime factors of 389699.
389699
List the prime factors of 6215813.
6215813
List the prime factors of 7516.
2, 1879
What are the prime factors of 382528?
2, 43, 139
What are the prime factors of 29982?
2, 3, 19, 263
List the prime factors of 3015354.
2, 3, 307, 1637
List the prime factors of 6290240.
2, 5, 11, 1787
List the prime factors of 11865559.
3037, 3907
What are the prime factors of 2365404?
2, 3, 197117
List the prime factors of 54359.
19, 2861
What are the prime factors of 19579024?
2, 1223689
List the prime factors of 487521.
3, 19, 2851
List the prime factors of 3627426.
2, 3, 11, 17, 53, 61
List the prime factors of 2681015.
5, 536203
What are the prime factors of 240643?
13, 107, 173
List the prime factors of 4621651.
47, 107, 919
List the prime factors of 9935689.
19, 103, 5077
What are the prime factors of 223646?
2, 67, 1669
What are the prime factors of 324319?
324319
List the prime factors of 2568658.
2, 1284329
What are the prime factors of 3803170?
2, 5, 7, 54331
List the prime factors of 137488.
2, 13, 661
What are the prime factors of 45366?
2, 3, 7561
List the prime factors of 14008463.
7, 40841
What are the prime factors of 93258?
2, 3, 11, 157
What are the prime factors of 112396?
2, 28099
List the prime factors of 1912133.
1912133
What are the prime factors of 813453?
3, 397, 683
What are the prime factors of 238214?
2, 119107
What are the prime factors of 6642561?
3, 23, 96269
List the prime factors of 87077.
19, 4583
List the prime factors of 15696175.
5, 11, 57077
List the prime factors of 30910994.
2, 163, 94819
List the prime factors of 2327889.
3, 775963
List the prime factors of 164110.
2, 5, 16411
What are the prime factors of 175657?
269, 653
What are the prime factors of 1089323?
757, 1439
What are the prime factors of 210724?
2, 139, 379
List the prime factors of 9995087.
23, 73, 5953
List the prime factors of 1046186.
2, 523093
What are the prime factors of 4409034?
2, 3, 7, 113, 929
List the prime factors of 401497.
179, 2243
List the prime factors of 47851.
109, 439
What are the prime factors of 11611440?
2, 3, 5, 16127
List the prime factors of 302556.
2, 3, 19, 1327
List the prime factors of 69381.
3, 13, 593
List the prime factors of 243129.
3, 81043
List the prime factors of 300919.
113, 2663
What are the prime factors of 14062766?
2, 7031383
List the prime factors of 513042.
2, 3, 37, 2311
List the prime factors of 485647.
485647
What are the prime factors of 2879878?
2, 47, 30637
What are the prime factors of 21668?
2, 5417
List the prime factors of 4971260.
2, 5, 7, 35509
What are the prime factors of 6561386?
2, 13, 73, 3457
What are the prime factors of 4719613?
173, 27281
What are the prime factors of 8477147?
7, 113, 1531
What are the pri